{"id":17,"date":"2024-05-08T12:54:32","date_gmt":"2024-05-08T12:54:32","guid":{"rendered":"https:\/\/hundegarten.laserprojects.de\/?page_id=17"},"modified":"2025-04-07T19:40:03","modified_gmt":"2025-04-07T17:40:03","slug":"wer-wo-was","status":"publish","type":"page","link":"https:\/\/unser-hundegarten.de\/?page_id=17","title":{"rendered":"Wer, Wo, Was&#8230;"},"content":{"rendered":"\n<div class=\"wp-block-columns is-layout-flex wp-container-core-columns-is-layout-28f84493 wp-block-columns-is-layout-flex\">\n<div class=\"wp-block-column is-layout-flow wp-block-column-is-layout-flow\" style=\"flex-basis:66.66%\">\n<h2 class=\"wp-block-heading\"><strong>Wer<\/strong><\/h2>\n\n\n\n<p>Wir sind ein Verein, der es sich zur Aufgabe gemacht hat, Freilauffl\u00e4chen f\u00fcr Hunde zu schaffen. Die Vereinsziele sind als gemeinn\u00fctzig anerkannt.<\/p>\n<\/div>\n\n\n\n<div class=\"wp-block-column is-layout-flow wp-block-column-is-layout-flow\" style=\"flex-basis:33.33%\">\n<figure class=\"wp-block-image size-full\"><img loading=\"lazy\" decoding=\"async\" width=\"1920\" height=\"1280\" src=\"https:\/\/unser-hundegarten.de\/wp-content\/uploads\/2024\/10\/630_0900_4142168_Hundewiesengaudi_44.jpg\" alt=\"\" class=\"wp-image-177\" srcset=\"https:\/\/unser-hundegarten.de\/wp-content\/uploads\/2024\/10\/630_0900_4142168_Hundewiesengaudi_44.jpg 1920w, https:\/\/unser-hundegarten.de\/wp-content\/uploads\/2024\/10\/630_0900_4142168_Hundewiesengaudi_44-300x200.jpg 300w, https:\/\/unser-hundegarten.de\/wp-content\/uploads\/2024\/10\/630_0900_4142168_Hundewiesengaudi_44-1024x683.jpg 1024w, https:\/\/unser-hundegarten.de\/wp-content\/uploads\/2024\/10\/630_0900_4142168_Hundewiesengaudi_44-768x512.jpg 768w, https:\/\/unser-hundegarten.de\/wp-content\/uploads\/2024\/10\/630_0900_4142168_Hundewiesengaudi_44-1536x1024.jpg 1536w\" sizes=\"auto, (max-width: 1920px) 100vw, 1920px\" \/><\/figure>\n<\/div>\n<\/div>\n\n\n\n<hr class=\"wp-block-separator has-alpha-channel-opacity\"\/>\n\n\n\n<div class=\"wp-block-columns is-layout-flex wp-container-core-columns-is-layout-28f84493 wp-block-columns-is-layout-flex\">\n<div class=\"wp-block-column is-layout-flow wp-block-column-is-layout-flow\" style=\"flex-basis:66.66%\">\n<h2 class=\"wp-block-heading\"><strong>Wo<\/strong><\/h2>\n\n\n\n<p><\/p>\n\n\n\n<p><\/p>\n\n\n\n<p class=\"has-medium-font-size\" style=\"line-height:1.5\"><strong>Unser Hundegarten in Fr\u00f6ndenberg<\/strong><\/p>\n<\/div>\n\n\n\n<div class=\"wp-block-column is-layout-flow wp-block-column-is-layout-flow\" style=\"flex-basis:33.33%\">\n<figure class=\"wp-block-image size-full\"><img loading=\"lazy\" decoding=\"async\" width=\"640\" height=\"480\" src=\"https:\/\/unser-hundegarten.de\/wp-content\/uploads\/2024\/10\/120304564_3068327956610269_4231209818650900589_n.jpg\" alt=\"\" class=\"wp-image-178\" srcset=\"https:\/\/unser-hundegarten.de\/wp-content\/uploads\/2024\/10\/120304564_3068327956610269_4231209818650900589_n.jpg 640w, https:\/\/unser-hundegarten.de\/wp-content\/uploads\/2024\/10\/120304564_3068327956610269_4231209818650900589_n-300x225.jpg 300w\" sizes=\"auto, (max-width: 640px) 100vw, 640px\" \/><\/figure>\n<\/div>\n<\/div>\n\n\n\n<p>Die Freilauffl\u00e4che vor Ort wurde am 29.04.2023 er\u00f6ffnet.<\/p>\n\n\n\n<p class=\"has-text-align-center\">Die Adresse lautet: <\/p>\n\n\n\n<p class=\"has-text-align-center\">Ruhrstra\u00dfe in Fr\u00f6ndenberg<\/p>\n\n\n\n<p><\/p>\n\n\n\n<p><\/p>\n\n\n\n<p>Bei Google Maps findet sich die Lage des Ortes unter dem Suchbegriff<\/p>\n\n\n\n<p><b><a href=\"https:\/\/maps.app.goo.gl\/po6UC99hqqjiTmii7?g_st=am\" data-type=\"link\" data-id=\"https:\/\/maps.app.goo.gl\/po6UC99hqqjiTmii7?g_st=am\"><strong>&#8222;Unser Hundegarten Fr\u00f6ndenberg&#8220;<\/strong><\/a><\/b><\/p>\n\n\n\n<p><\/p>\n\n\n\n<p><b><strong><em>Vor dem Hundegarten stehen nur einige Parkpl\u00e4tze zur Verf\u00fcgung. Da sich <br>hinter dem Hundegarten noch ein Privatgrundst\u00fcck befindet, bitten wir in<br> jedem Fall darauf zu achten, dass der Zufahrtsweg immer frei gehalten <br>werden muss.<\/em><\/strong><\/b><\/p>\n\n\n\n<p>Es stehen am Kettenschmiedemuseum sowie neben <br>der Stadtverwaltung ausreichend Parkpl\u00e4tze zur Verf\u00fcgung.<\/p>\n\n\n\n<p><strong><em>Von dort sind es nur ca. 350 Meter bis zum Hundegarten.<\/em><\/strong><\/p>\n\n\n\n<hr class=\"wp-block-separator has-alpha-channel-opacity\"\/>\n\n\n\n<p><\/p>\n\n\n\n<p class=\"has-medium-font-size\"><b><strong>Unser Hundegarten in Holzwickede<\/strong><\/b><\/p>\n\n\n\n<p>Die Freilauffl\u00e4che vor Ort wurde am 09.04.2022 er\u00f6ffnet.<\/p>\n\n\n\n<p class=\"has-text-align-center\">Die Adresse lautet: <\/p>\n\n\n\n<p class=\"has-text-align-center\">Am Spring in Holzwickede<\/p>\n\n\n\n<p><\/p>\n\n\n\n<p>Bei Google Maps findet sich die Lage des Ortes unter dem Suchbegriff<\/p>\n\n\n\n<p><b><strong> <a href=\"https:\/\/maps.app.goo.gl\/GAuU7mnh9WRZQnqdA?g_st=am\" data-type=\"link\" data-id=\"https:\/\/maps.app.goo.gl\/GAuU7mnh9WRZQnqdA?g_st=am\">&#8222;Unser Hundegarten Holzwickede&#8220;<\/a><\/strong><\/b><\/p>\n\n\n\n<p><strong><em>Vor dem Hundegarten stehen ausreichende Parkpl\u00e4tze zur Verf\u00fcgung.<\/em><\/strong><\/p>\n\n\n\n<hr class=\"wp-block-separator has-alpha-channel-opacity\"\/>\n\n\n\n<div class=\"wp-block-columns is-layout-flex wp-container-core-columns-is-layout-28f84493 wp-block-columns-is-layout-flex\">\n<div class=\"wp-block-column is-layout-flow wp-block-column-is-layout-flow\" style=\"flex-basis:66.66%\">\n<h2 class=\"wp-block-heading\"><strong>Was<\/strong><\/h2>\n\n\n\n<p>Wir m\u00f6chten Freilauffl\u00e4chen f\u00fcr alle Hunde(halterInnen) schaffen, auf der sich alle Zwei- und Vierbeiner rundum wohlf\u00fchlen k\u00f6nnen, wie in einem sch\u00f6nen Garten. Eine nat\u00fcrliche Gestaltung und Einrichtung ist dabei eine Voraussetzung.<br><br>Hier lassen sich Freundschaften pflegen, tolle Spiele spielen, rennen nach Herzenslust, \u00dcbungen machen und vieles mehr&#8230;<br><br>Die Vereinsziele finden sich auch in unserer<\/p>\n\n\n\n<p><a href=\"https:\/\/unser-hundegarten.de\/?page_id=319\" target=\"_blank\" rel=\"noreferrer noopener\"><strong>Die Satzung<\/strong><\/a><\/p>\n<\/div>\n\n\n\n<div class=\"wp-block-column is-layout-flow wp-block-column-is-layout-flow\" style=\"flex-basis:33.33%\">\n<figure class=\"wp-block-image size-full\"><img loading=\"lazy\" decoding=\"async\" width=\"480\" height=\"640\" src=\"https:\/\/unser-hundegarten.de\/wp-content\/uploads\/2024\/10\/120133920_1711218849038238_6528137903889234489_n.jpg\" alt=\"\" class=\"wp-image-179\" srcset=\"https:\/\/unser-hundegarten.de\/wp-content\/uploads\/2024\/10\/120133920_1711218849038238_6528137903889234489_n.jpg 480w, https:\/\/unser-hundegarten.de\/wp-content\/uploads\/2024\/10\/120133920_1711218849038238_6528137903889234489_n-225x300.jpg 225w\" sizes=\"auto, (max-width: 480px) 100vw, 480px\" \/><\/figure>\n<\/div>\n<\/div>\n\n\n\n<hr class=\"wp-block-separator has-alpha-channel-opacity\"\/>\n\n\n\n<div class=\"wp-block-columns is-layout-flex wp-container-core-columns-is-layout-28f84493 wp-block-columns-is-layout-flex\">\n<div class=\"wp-block-column is-layout-flow wp-block-column-is-layout-flow\" style=\"flex-basis:66.66%\">\n<h2 class=\"wp-block-heading\"><strong>Was noch&#8230;<\/strong><\/h2>\n\n\n\n<p>F\u00fcr jeden Besucher egal ob Vier- oder Zweibeiner ganz viel Spa\u00df und eine tolle Zeit in unseren Hundeg\u00e4rten gew\u00fcnscht.<\/p>\n\n\n\n<p class=\"has-medium-font-size\"><strong>Wuff&#8230;..<\/strong><\/p>\n\n\n\n<p><\/p>\n<\/div>\n\n\n\n<div class=\"wp-block-column is-layout-flow wp-block-column-is-layout-flow\" style=\"flex-basis:33.33%\">\n<figure class=\"wp-block-image size-full\"><img loading=\"lazy\" decoding=\"async\" width=\"213\" height=\"238\" src=\"https:\/\/unser-hundegarten.de\/wp-content\/uploads\/2024\/10\/289428351_5152063678247751_7921368624207652952_n.jpg\" alt=\"\" class=\"wp-image-176\"\/><\/figure>\n<\/div>\n<\/div>\n\n\n\n<p><\/p>\n","protected":false},"excerpt":{"rendered":"<p>Wer Wir sind ein Verein, der es sich zur Aufgabe gemacht hat, Freilauffl\u00e4chen f\u00fcr Hunde zu schaffen. Die Vereinsziele sind als gemeinn\u00fctzig anerkannt. Wo Unser Hundegarten in Fr\u00f6ndenberg Die Freilauffl\u00e4che vor Ort wurde am 29.04.2023 er\u00f6ffnet. Die Adresse lautet: Ruhrstra\u00dfe in Fr\u00f6ndenberg Bei Google Maps findet sich die Lage des Ortes unter dem Suchbegriff &#8222;Unser [&hellip;]<\/p>\n","protected":false},"author":1,"featured_media":0,"parent":35,"menu_order":0,"comment_status":"closed","ping_status":"closed","template":"","meta":{"footnotes":""},"class_list":["post-17","page","type-page","status-publish","hentry"],"_links":{"self":[{"href":"https:\/\/unser-hundegarten.de\/index.php?rest_route=\/wp\/v2\/pages\/17","targetHints":{"allow":["GET"]}}],"collection":[{"href":"https:\/\/unser-hundegarten.de\/index.php?rest_route=\/wp\/v2\/pages"}],"about":[{"href":"https:\/\/unser-hundegarten.de\/index.php?rest_route=\/wp\/v2\/types\/page"}],"author":[{"embeddable":true,"href":"https:\/\/unser-hundegarten.de\/index.php?rest_route=\/wp\/v2\/users\/1"}],"replies":[{"embeddable":true,"href":"https:\/\/unser-hundegarten.de\/index.php?rest_route=%2Fwp%2Fv2%2Fcomments&post=17"}],"version-history":[{"count":22,"href":"https:\/\/unser-hundegarten.de\/index.php?rest_route=\/wp\/v2\/pages\/17\/revisions"}],"predecessor-version":[{"id":1059,"href":"https:\/\/unser-hundegarten.de\/index.php?rest_route=\/wp\/v2\/pages\/17\/revisions\/1059"}],"up":[{"embeddable":true,"href":"https:\/\/unser-hundegarten.de\/index.php?rest_route=\/wp\/v2\/pages\/35"}],"wp:attachment":[{"href":"https:\/\/unser-hundegarten.de\/index.php?rest_route=%2Fwp%2Fv2%2Fmedia&parent=17"}],"curies":[{"name":"wp","href":"https:\/\/api.w.org\/{rel}","templated":true}]}}