{"id":414,"date":"2025-03-29T21:59:42","date_gmt":"2025-03-29T19:59:42","guid":{"rendered":"https:\/\/unser-hundegarten.de\/?page_id=414"},"modified":"2026-02-03T17:11:28","modified_gmt":"2026-02-03T15:11:28","slug":"unsere-datenschutzerklaerung","status":"publish","type":"page","link":"https:\/\/unser-hundegarten.de\/?page_id=414","title":{"rendered":"Unsere Datenschutzerkl\u00e4rung"},"content":{"rendered":"\n<div class=\"wp-block-group alignwide is-layout-flow wp-block-group-is-layout-flow\">\n<h1 class=\"wp-block-heading alignwide has-text-align-left has-system-serif-font-family has-large-font-size\" style=\"line-height:1.9\"><br>Mit folgenden Informationen geben wir Ihnen einen \u00dcberblick \u00fcber die Verarbeitung Ihrer personenbezogenen Daten durch den Verein sowie \u00fcber Ihre Rechte nach den gesetzlichen Bestimmungen zum Datenschutz:<br><br>1. Verantwortliche Stelle f\u00fcr die Datenverarbeitung durch den Verein ist der Vorstand, vertreten durch den\/die 1. Vorsitzende\/n Ursula Aust, erreichbar telefonisch unter 01722822943 sowie per E-Mail info@unser-hundegarten.de .<\/h1>\n\n\n\n<p class=\"has-text-align-left has-system-serif-font-family has-large-font-size\">2. Der Verein verarbeitet personenbezogene Daten zu dem Zweck, dabei nur in dem Umfang, wie er sie im Zusammenhang mit der Begr\u00fcndung, Durchf\u00fchrung und Beendigung des Mitgliedschaftsverh\u00e4ltnisses oder zur Aus\u00fcbung und Erf\u00fcllung der sich aus dem Gesetz ergebenden Rechte und Pflichten oder Wahrung seiner berechtigten Interessen ben\u00f6tigt. Relevante Daten sind dabei insbesondere Ihre Personalien wie Namen, Adresse, sonstige Kontaktdaten, Bankverbindung, Geburtsdatum, aber auch Eintritts- und Austrittsdatum und die Dauer der Mitgliedschaft. Die Erhebung der Daten erfolgt in der Regel unmittelbar bei Ihnen selbst.<br><br>3. Rechtsgrundlagen f\u00fcr die Verarbeitung der personenbezogenen Daten sind die datenschutzrechtlichen Erlaubnisnormen des Art. 6 Abs. 1 DS-GVO, soweit erforderlich die Einwilligung des betroffenen Mitglieds.<br><br>4. Innerhalb des Vereins erhalten diejenigen Stellen Zugriff auf die Daten, die diese zur Erf\u00fcllung der in Ziffer 2 genannten Aufgaben brauchen. Eine Absicht des Vereins, die personenbezogenen Daten an Stellen au\u00dferhalb des Vereins, ein Drittland oder an internationale Organisationen zu \u00fcbermitteln, besteht nicht.<br><br>5. Die Daten werden durch den Verein solange und in dem Ma\u00dfe verarbeitet, als dies zur Erf\u00fcllung der Aufgaben aus Ziffer 2 erforderlich ist. Sind die Daten danach nicht mehr erforderlich, werden sie regelm\u00e4\u00dfig nach Erf\u00fcllung der 10-j\u00e4hrigen gesetzlichen Aufbewahrungspflichten gel\u00f6scht, es sei denn die Weiterverarbeitung ist erforderlich zur Erhaltung von Beweismitteln im Rahmen der gesetzlichen Verj\u00e4hrungsfristen, die bis zu 30 Jahre, im Regelfall jedoch 3 Jahre betragen.<br><br>6. Als betroffene Person haben Sie das Recht auf Auskunft, Berichtigung, L\u00f6schung, Einschr\u00e4nkung der Verarbeitung, Widerspruch sowie Daten\u00fcbertragbarkeit (Art. 15 mit 21 DS-GVO). Auskunfts- und L\u00f6schungsrechte stehen allerdings, soweit gesetzlich zul\u00e4ssig, unter den Einschr\u00e4nkungen der \u00a7\u00a7 34 und 35 BDSG. Dar\u00fcber hinaus besteht f\u00fcr Sie ein Beschwerderecht bei der zust\u00e4ndigen Datenschutzaufsichtsbeh\u00f6rde (Art. 77 DS-GVO in Verbindung mit \u00a7 19 BDSG).<br><br>7. Soweit Ihrerseits eine Einwilligung erteilt worden ist, haben Sie das Recht zum jederzeitigen Widerruf, wobei der Widerruf erst f\u00fcr die Zukunft wirkt und die Rechtm\u00e4\u00dfigkeit der Verarbeitung bis zum Widerruf davon unber\u00fchrt bleibt.<br><br>8. Im Zusammenhang mit der Mitgliedschaft sind Sie verpflichtet, Ihre personenbezogenen Daten zur Verf\u00fcgung zu stellen, andernfalls das Mitgliedschaftsverh\u00e4ltnis nicht eingegangen oder aufrecht erhalten werden kann.<br><br>9. Eine automatisierte Entscheidungsfindung einschlie\u00dflich eines Profiling besteht nicht.<\/p>\n\n\n\n<p class=\"has-text-align-center\">___________________________________________________________________________________________________________<\/p>\n\n\n\n<p class=\"has-text-align-left has-system-serif-font-family has-x-large-font-size\"><strong>Datenschutzkonzept&nbsp;f\u00fcr&nbsp;die<\/strong><\/p>\n\n\n\n<p class=\"has-text-align-left has-system-serif-font-family has-x-large-font-size\"><strong>&nbsp;Video\u00fcberwachung&nbsp;der&nbsp;Hundewiese&nbsp;<\/strong>&nbsp;<\/p>\n\n\n\n<p class=\"has-text-align-left has-system-serif-font-family has-large-font-size\">\u201cUnser&nbsp;Hundegarten&nbsp;Holzwickede\u201d, Am Spring&nbsp;<\/p>\n\n\n\n<p class=\"has-text-align-left has-system-serif-font-family has-large-font-size\"><strong>1. Verantwortlicher<\/strong>&nbsp;<\/p>\n\n\n\n<p class=\"has-text-align-left has-system-serif-font-family has-large-font-size\">Unser&nbsp;Hundegarten&nbsp;e.V.&nbsp;<br>Anschrift:&nbsp;Steinkuhle&nbsp;8, 58730&nbsp;Fr\u00f6ndenberg&nbsp;<br>Telefon: +49 172 2822943&nbsp;<br>E-Mail: Info@unser-hundegarten.de&nbsp;&nbsp;<br>Datenschutzbeauftragter:&nbsp;Meik&nbsp;Schuster&nbsp;<\/p>\n\n\n\n<p class=\"has-text-align-left has-system-serif-font-family has-large-font-size\"><strong>2. Zweck der Video\u00fcberwachung<\/strong>&nbsp;<\/p>\n\n\n\n<p class=\"has-text-align-left has-system-serif-font-family has-large-font-size\">Die Video\u00fcberwachung dient folgenden Zwecken:&nbsp;<br>&nbsp;<br>&#8211; Verhinderung und Aufkl\u00e4rung von Vandalismus, Diebstahl oder sonstigen Straftaten auf der Hundewiese.&nbsp;<br>&#8211; Schutz des Eigentums und der ordnungsgem\u00e4\u00dfen Nutzung der \u00f6ffentlich zug\u00e4nglichen Fl\u00e4che.&nbsp;<br>&#8211; Dokumentation bei sicherheitsrelevanten Vorf\u00e4llen zur Weitergabe an die Strafverfolgungsbeh\u00f6rden.&nbsp;<br>&nbsp;<br>Eine Live\u00fcbertragung ins Internet oder eine \u00f6ffentliche Einsichtnahme in die Bilder ist nicht vorgesehen.&nbsp;<br>&nbsp;<\/p>\n\n\n\n<p class=\"has-text-align-left has-system-serif-font-family has-large-font-size\"><strong>3. Rechtsgrundlage<\/strong>&nbsp;<\/p>\n\n\n\n<p class=\"has-text-align-left has-system-serif-font-family has-large-font-size\">Die Verarbeitung erfolgt auf Grundlage von Art. 6 Abs. 1 lit. f DSGVO (berechtigtes Interesse des Verantwortlichen und der \u00d6ffentlichkeit an der Aufrechterhaltung von Sicherheit und Ordnung).&nbsp;<br>&nbsp;<br>Eine Interessenabw\u00e4gung gem\u00e4\u00df Art. 6 Abs. 1 lit. f DSGVO wurde durchgef\u00fchrt (siehe Punkt 7).&nbsp;<br>&nbsp;<\/p>\n\n\n\n<p class=\"has-text-align-left has-system-serif-font-family has-large-font-size\"><strong>4. Beschreibung der Kamerainstallation<\/strong>&nbsp;<\/p>\n\n\n\n<p class=\"has-text-align-left has-system-serif-font-family has-large-font-size\">&#8211;&nbsp;Standort: Die&nbsp;Kamera&nbsp;wird&nbsp;im&nbsp;hinteren&nbsp;Bereich&nbsp;gegen\u00fcber&nbsp;dem&nbsp;Eingang&nbsp;instaliert.&nbsp;<br>&#8211;&nbsp;Erfasster&nbsp;Bereich: Die&nbsp;Kamera&nbsp;erfasst ausschlie\u00dflich die Hundewiese und nicht&nbsp;angrenzende Gehwege&nbsp;oder&nbsp;Stra\u00dfen.&nbsp;<br>&#8211; Technik:&nbsp;<br>&nbsp; &#8211;&nbsp;Kamera&nbsp;mit&nbsp;Standbild\u00fcbertragung&nbsp;alle&nbsp;10\u201315&nbsp;Sekunden&nbsp;und&nbsp;Videofunktion&nbsp;<br>&nbsp; &#8211;&nbsp;Keine&nbsp;Tonaufnahme&nbsp;<br>&nbsp; &#8211;&nbsp;Bewegungserkennung:&nbsp;Ja&nbsp;<br>&#8211;&nbsp;Speicherung:&nbsp;<br>&nbsp; &#8211; Kontinuierliche Aufnahme f\u00fcr max. 72 Stunden&nbsp;<br>&nbsp; &#8211; Zugriff nur im Anlassfall (z.\u202fB. bei Strafverfolgung)&nbsp;<br>&nbsp; &#8211;&nbsp;Speicherung&nbsp;erfolgt&nbsp;verschl\u00fcsselt&nbsp;auf [gesichertem&nbsp;Server\/Datentr\u00e4ger]&nbsp;<br>&nbsp;<\/p>\n\n\n\n<p class=\"has-text-align-left has-system-serif-font-family has-large-font-size\"><strong>5. Zugriffs- und Einsichtsregelung<\/strong>&nbsp;<\/p>\n\n\n\n<p class=\"has-text-align-left has-system-serif-font-family has-large-font-size\">&#8211;&nbsp;Zugriff&nbsp;auf&nbsp;gespeicherte&nbsp;Bilddaten&nbsp;haben&nbsp;ausschlie\u00dflich:&nbsp;<br>&nbsp;&nbsp;&#8211; (Vorstand&nbsp;und&nbsp;Datenschutzbeauftragte\/r)]&nbsp;<br>&nbsp; &#8211;&nbsp;Zugriff&nbsp;nur&nbsp;bei&nbsp;konkretem&nbsp;Anlass&nbsp;(z.\u202fB. polizeiliche Anfrage)&nbsp;<br>&#8211; Eine Weitergabe erfolgt nur an Strafverfolgungsbeh\u00f6rden nach rechtlicher Pr\u00fcfung.&nbsp;<br>&#8211; Kein Verkauf oder sonstige externe Verwertung der Bilddaten.&nbsp;<br>&nbsp;<\/p>\n\n\n\n<p class=\"has-text-align-left has-system-serif-font-family has-large-font-size\"><strong>6. Betroffenenrechte<\/strong>&nbsp;<\/p>\n\n\n\n<p class=\"has-text-align-left has-system-serif-font-family has-large-font-size\">Betroffene Personen haben folgende Rechte:&nbsp;<br>&nbsp;<br>&#8211; Auskunft (Art. 15 DSGVO)&nbsp;<br>&#8211; L\u00f6schung (Art. 17 DSGVO)&nbsp;<br>&#8211; Einschr\u00e4nkung der Verarbeitung (Art. 18 DSGVO)&nbsp;<br>&#8211; Widerspruchsrecht (Art. 21 DSGVO)&nbsp;<br>&nbsp;<br>Anfragen k\u00f6nnen an den Verantwortlichen unter den oben genannten Kontaktdaten gerichtet werden.&nbsp;<br>&nbsp;<\/p>\n\n\n\n<p class=\"has-text-align-left has-system-serif-font-family has-large-font-size\"><strong>7. Interessenabw\u00e4gung (Art. 6 Abs. 1 lit. f DSGVO)<\/strong>&nbsp;<\/p>\n\n\n\n<p class=\"has-text-align-left has-system-serif-font-family has-large-font-size\"><strong>Interesse&nbsp;des&nbsp;Verantwortlichen<\/strong>&nbsp;&nbsp;&nbsp;<br>Schutz&nbsp;vor&nbsp;Vandalismus,&nbsp;Sachbesch\u00e4digung,&nbsp;Hundevergiftungen&nbsp;&nbsp;<\/p>\n\n\n\n<p class=\"has-text-align-left has-system-serif-font-family has-large-font-size\">Aufkl\u00e4rung&nbsp;von&nbsp;strafrechtlich&nbsp;relevanten&nbsp;Vorf\u00e4llen&nbsp;&nbsp;&nbsp;&nbsp;&nbsp;&nbsp;&nbsp;&nbsp;<br>Kein&nbsp;\u00f6ffentlich&nbsp;zug\u00e4nglicher&nbsp;Livestream&nbsp;&nbsp;&nbsp;&nbsp;&nbsp;&nbsp;&nbsp;&nbsp;&nbsp;&nbsp;&nbsp;&nbsp;&nbsp;&nbsp;&nbsp;&nbsp;&nbsp;&nbsp;<br>Kamera&nbsp;erfasst&nbsp;nur&nbsp;das&nbsp;Gel\u00e4nde&nbsp;der&nbsp;Hundewiese&nbsp;<\/p>\n\n\n\n<p class=\"has-text-align-left has-system-serif-font-family has-large-font-size\">Betreten&nbsp;der&nbsp;Wiese&nbsp;ist&nbsp;freiwillig&nbsp;und&nbsp;mit&nbsp;Hinweis&nbsp;<\/p>\n\n\n\n<p class=\"has-text-align-left has-system-serif-font-family has-large-font-size\">&nbsp;<br><strong>Interesse&nbsp;der&nbsp;Betroffenen&nbsp;&nbsp;&nbsp;&nbsp;&nbsp;&nbsp;&nbsp;&nbsp;&nbsp;&nbsp;&nbsp;&nbsp;&nbsp;&nbsp;&nbsp;&nbsp;&nbsp;&nbsp;&nbsp;&nbsp;&nbsp;&nbsp;&nbsp;&nbsp;&nbsp;&nbsp;&nbsp;&nbsp;<\/strong>&nbsp;<\/p>\n\n\n\n<p class=\"has-text-align-left has-system-serif-font-family has-large-font-size\">Recht&nbsp;auf&nbsp;informationelle&nbsp;Selbstbestimmung&nbsp;&nbsp;&nbsp;&nbsp;&nbsp;&nbsp;&nbsp;&nbsp;&nbsp;&nbsp;&nbsp;&nbsp;<\/p>\n\n\n\n<p class=\"has-text-align-left has-system-serif-font-family has-large-font-size\">Recht&nbsp;auf&nbsp;unbeobachtetes&nbsp;Verhalten&nbsp;im&nbsp;\u00f6ffentlichen&nbsp;Raum&nbsp;&nbsp;<\/p>\n\n\n\n<p class=\"has-text-align-left has-system-serif-font-family has-large-font-size\">Keine&nbsp;\u00dcberwachung&nbsp;privater&nbsp;Handlungen,&nbsp;keine&nbsp;Tonaufnahme&nbsp;<\/p>\n\n\n\n<p class=\"has-text-align-left has-system-serif-font-family has-large-font-size\">&nbsp;<br>Ergebnis: Das&nbsp;Interesse&nbsp;des Verantwortlichen \u00fcberwiegt bei angemessener technischer Ausgestaltung und ausreichender Transparenz.&nbsp;<br>&nbsp;<\/p>\n\n\n\n<p class=\"has-text-align-left has-system-serif-font-family has-large-font-size\"><strong>8. Informationspflicht (Art. 13 DSGVO)<\/strong>&nbsp;<\/p>\n\n\n\n<p class=\"has-text-align-left has-system-serif-font-family has-large-font-size\">Am Eingang der Hundewiese wird ein deutlich sichtbares Hinweisschild mit folgenden Informationen angebracht:&nbsp;<br>&nbsp;<br>&#8211; Hinweis auf Video\u00fcberwachung&nbsp;<br>&#8211; Zweck: Schutz vor Straftaten, Beweissicherung&nbsp;<br>&#8211; Verantwortlicher (Name, Kontakt)&nbsp;<br>&#8211; Hinweis auf Betroffenenrechte (kurzform)&nbsp;<br>&#8211; Link&nbsp;oder&nbsp;QR-Code auf&nbsp;vollst\u00e4ndige&nbsp;Datenschutzerkl\u00e4rung&nbsp;(auf&nbsp;der&nbsp;Vereinshomepage)&nbsp;<br>&nbsp;<\/p>\n\n\n\n<p class=\"has-text-align-left has-system-serif-font-family has-large-font-size\"><strong>9. Technische und organisatorische Ma\u00dfnahmen (TOM)<\/strong>&nbsp;<\/p>\n\n\n\n<p class=\"has-text-align-left has-system-serif-font-family has-large-font-size\">&#8211; Verschl\u00fcsselung der gespeicherten Daten&nbsp;<br>&#8211; Passwortschutz und Zugriffsprotokollierung&nbsp;<br>&#8211; Regelm\u00e4\u00dfige L\u00f6schung nach 72 Stunden&nbsp;<br>&#8211; Keine Cloud-Nutzung, wenn nicht DSGVO-konform&nbsp;<br>&#8211; Keine KI-gest\u00fctzte Auswertung, keine Gesichtserkennung&nbsp;<br>&nbsp;<\/p>\n\n\n\n<p class=\"has-text-align-left has-system-serif-font-family has-large-font-size\"><strong>10. Einbindung der Gemeinde<\/strong>&nbsp;<\/p>\n\n\n\n<p class=\"has-text-align-left has-system-serif-font-family has-large-font-size\">Die&nbsp;Gemeinde&nbsp;als&nbsp;Eigent\u00fcmerin&nbsp;des&nbsp;Grundst\u00fccks&nbsp;wurde&nbsp;\u00fcber&nbsp;das&nbsp;Vorhaben&nbsp;unter&nbsp;\u00dcberlassung&nbsp;des&nbsp;Datenschutzkonzeptes&nbsp;informiert.<\/p>\n\n\n\n<p class=\"has-text-align-left has-large-font-size\"><br><\/p>\n<\/div>\n\n\n\n<p class=\"has-text-align-left has-large-font-size\">\u00a0<br>\u00a0<\/p>\n\n\n\n<div class=\"wp-block-group alignfull has-global-padding is-layout-constrained wp-container-core-group-is-layout-0747478d wp-block-group-is-layout-constrained\" style=\"padding-top:var(--wp--preset--spacing--50);padding-right:var(--wp--preset--spacing--50);padding-bottom:var(--wp--preset--spacing--50);padding-left:var(--wp--preset--spacing--50)\">\n<figure class=\"wp-block-image aligncenter size-large is-resized\"><img loading=\"lazy\" decoding=\"async\" width=\"1024\" height=\"666\" src=\"https:\/\/unser-hundegarten.de\/wp-content\/uploads\/2024\/10\/logo-1024x666.jpg\" alt=\"\" class=\"wp-image-224\" style=\"width:440px;height:auto\" srcset=\"https:\/\/unser-hundegarten.de\/wp-content\/uploads\/2024\/10\/logo-1024x666.jpg 1024w, https:\/\/unser-hundegarten.de\/wp-content\/uploads\/2024\/10\/logo-300x195.jpg 300w, https:\/\/unser-hundegarten.de\/wp-content\/uploads\/2024\/10\/logo-768x499.jpg 768w, https:\/\/unser-hundegarten.de\/wp-content\/uploads\/2024\/10\/logo.jpg 1266w\" sizes=\"auto, (max-width: 1024px) 100vw, 1024px\" \/><\/figure>\n<\/div>\n","protected":false},"excerpt":{"rendered":"<p>Mit folgenden Informationen geben wir Ihnen einen \u00dcberblick \u00fcber die Verarbeitung Ihrer personenbezogenen Daten durch den Verein sowie \u00fcber Ihre Rechte nach den gesetzlichen Bestimmungen zum Datenschutz: 1. Verantwortliche Stelle f\u00fcr die Datenverarbeitung durch den Verein ist der Vorstand, vertreten durch den\/die 1. Vorsitzende\/n Ursula Aust, erreichbar telefonisch unter 01722822943 sowie per E-Mail info@unser-hundegarten.de . [&hellip;]<\/p>\n","protected":false},"author":1,"featured_media":0,"parent":0,"menu_order":0,"comment_status":"closed","ping_status":"closed","template":"","meta":{"footnotes":""},"class_list":["post-414","page","type-page","status-publish","hentry"],"_links":{"self":[{"href":"https:\/\/unser-hundegarten.de\/index.php?rest_route=\/wp\/v2\/pages\/414","targetHints":{"allow":["GET"]}}],"collection":[{"href":"https:\/\/unser-hundegarten.de\/index.php?rest_route=\/wp\/v2\/pages"}],"about":[{"href":"https:\/\/unser-hundegarten.de\/index.php?rest_route=\/wp\/v2\/types\/page"}],"author":[{"embeddable":true,"href":"https:\/\/unser-hundegarten.de\/index.php?rest_route=\/wp\/v2\/users\/1"}],"replies":[{"embeddable":true,"href":"https:\/\/unser-hundegarten.de\/index.php?rest_route=%2Fwp%2Fv2%2Fcomments&post=414"}],"version-history":[{"count":11,"href":"https:\/\/unser-hundegarten.de\/index.php?rest_route=\/wp\/v2\/pages\/414\/revisions"}],"predecessor-version":[{"id":1502,"href":"https:\/\/unser-hundegarten.de\/index.php?rest_route=\/wp\/v2\/pages\/414\/revisions\/1502"}],"wp:attachment":[{"href":"https:\/\/unser-hundegarten.de\/index.php?rest_route=%2Fwp%2Fv2%2Fmedia&parent=414"}],"curies":[{"name":"wp","href":"https:\/\/api.w.org\/{rel}","templated":true}]}}